der when 395 is divided by 3/(-4)*(210 + -310).
20
Suppose 4*t - 76 = 2*t. Let d(z) = -514*z + 20125. What is the remainder when d(39) is divided by t?
3
Let n(y) = 2*y**2 + 30*y + 21. Suppose -77 - 69 = 2*q. Let k = q - -57. Calculate the remainder when n(k) is divided by 18.
17
Suppose 0 = 3*u - 4*d - 1025, -2*u + 46*d + 684 = 44*d. What is the remainder when u is divided by 112?
7
Suppose n + 48 = 3*n. Let d be -9 + 5 + 3/((-3)/(-16)). Suppose -57 = -5*s - d. What is the remainder when n is divided by s?
6
Let g(u) = -15*u**3 - 1. Let q be g(1). What is the remainder when (-336)/(-8) - (-1 - -4) is divided by (-116)/(-14) - q/(-56)?
7
Let o = -10195 + 19297. Calculate the remainder when o is divided by 276.
270
Calculate the remainder when (-5)/(20/12) + 11880/90 is divided by 21.
3
Suppose -3*g - h = -659, -3*g - 6*h + 656 = -2*h. Calculate the remainder when g is divided by 37.
35
Calculate the remainder when 869 is divided by (3133/26 - -19)*6/9.
32
Suppose -1 = 3*t - 3*m - 31, 4*t = 3*m + 37. Suppose 171 = t*j + 2*j. What is the remainder when 35 is divided by j?
16
Suppose -w - 80*n + 39 = -79*n, 0 = -w - 3*n + 17. What is the remainder when (-1 - 0) + (1 - -123) is divided by w?
23
Let u(v) = -3*v**3 - 3*v**2 - v - 10. Let o be u(-3). Suppose -o = -4*a + 53. What is the remainder when 0 - -3 - (2 - 48) is divided by a?
24
Let s(b) = b**2 - 35*b + 75. Suppose 2 = 2*h, 2*z = 2*h + 61 + 5. What is the remainder when 161 is divided by s(z)?
38
Let l(q) = 7*q**2 + 251*q + 88. What is the remainder when 418 is divided by l(-36)?
46
Suppose 0 = -3*l + 3*c + 573, -3*c + 729 + 56 = 4*l. What is the remainder when l is divided by 88?
18
Suppose -5*w + 64 = -6. Suppose 0 = 14*f - 11*f + 36. What is the remainder when f/8*(1 - 37) is divided by w?
12
Suppose 3*c = -2*c + 3*f + 274, 3*c = 5*f + 174. Suppose -27703 - 61671 = -379*j - 30629. Calculate the remainder when j is divided by c.
49
Let q be 101/2 + 1/2. Let c(u) = -2*u**3 + 20*u**2 - 10*u - 24. Let k be c(9). What is the remainder when 101 is divided by (-2)/(k/q - 1)?
33
Let v = -9936 - -10366. What is the remainder when v is divided by 24?
22
Let c be ((-36)/3)/(-3) + -4. Suppose c = 4*d - 14 - 46. Let f(o) = 6*o**3 - o**2 - 2*o + 1. What is the remainder when f(2) is divided by d?
11
Let t = 24865 - 24682. What is the remainder when 449 is divided by t?
83
Let p(r) = -159*r + 68. Let g(q) = 32*q - 14. Let s(l) = 11*g(l) + 2*p(l). Let h = 54 - 23. What is the remainder when s(5) is divided by h?
28
Suppose m + 19 = 20*m. Let l be -2 - (-2 + 4/2). Calculate the remainder when 4 is divided by (l - m)*-1 - 0.
1
Let v = 706 + -482. Suppose 4*g = 3*g - 2*b + v, 3*b - 15 = 0. What is the remainder when g is divided by 8?
6
Let b = -5842 - -5969. What is the remainder when 395 is divided by b?
14
Let s = -42 - -47. Suppose 4*g + s*h = 0, 0 = 6*g - g - 2*h - 33. Suppose -g*n + 68 = -n. What is the remainder when 64 is divided by n?
13
Suppose 1035 = 5*d - 5*h + h, 2*h + 623 = 3*d. Suppose -372*t + 13137 - 320 = -27731. Calculate the remainder when d is divided by t.
102
Let a = 13 - 11. Suppose 0 = 2*v - 2*g - 180, -3*v + a*g + 270 = -2*g. Let i = -85 + v. Calculate the remainder when 8 is divided by i.
3
Let l(o) = -2*o**2 - 23*o + 70. Let s be l(0). Suppose 10 = b - 5*i, 75*i - s*i + 130 = 5*b. What is the remainder when 266 is divided by b?
26
Let w be -5*1/(-5)*-1. Let f(u) = 88*u**2 + 4*u + 1. Let n be f(w). Let v = -68 + n. Calculate the remainder when 117 is divided by v.
15
Let a = 3241 + -3157. What is the remainder when a is divided by 3?
0
Suppose -2889 = 2*m + 7*m. Let j = 337 + m. What is the remainder when 111 is divided by j?
15
Suppose 2*z + 6 = 0, 19*m - 3*z = 22*m - 1692. Calculate the remainder when m is divided by 187.
6
Calculate the remainder when 823 is divided by (24 - 5054/209) + (-3 - (-3570)/33).
88
Let z(v) = 8*v**2 - 2*v - 16. Suppose y + 5*m - 16 = 0, 3*m + 102 = 2*y - m. What is the remainder when z(4) is divided by y?
22
Suppose 4*p = v, p = 5*v + 3*p - 44. Let b = 86 - 39. Let j = b + -42. What is the remainder when v is divided by j?
3
Calculate the remainder when 2813 is divided by (6/16)/(10/5360).
200
Let d(w) be the first derivative of 4*w**3/3 + 14*w**2 + 14*w - 112. Calculate the remainder when d(-8) is divided by 6.
4
Let a be 529/7 + 60/(-7) + 8. Calculate the remainder when 224 is divided by a - (26/(-52))/((-1)/(-2)).
72
Let z = 6035 - 5788. What is the remainder when z is divided by 11?
5
Calculate the remainder when (-1448)/40*(23 + -28) is divided by 1.
0
Suppose -5*i + 58 = 4*p, -30 = -7*p + i + 130. What is the remainder when (4 + -1)/1 + 120 is divided by p?
13
Let a = -11174 + 11271. Calculate the remainder when 2422 is divided by a.
94
Suppose -2223*l + 2227*l = 3*u + 177, 2*l - 5*u - 127 = 0. Let h = -76 - -263. What is the remainder when h is divided by l?
7
Suppose -3*u + 689 = 5*l, l + 396 = 4*l - 4*u. Calculate the remainder when l is divided by 41.
13
Let q(p) = p - 1. Suppose -6*l + 11 = -25. Calculate the remainder when 33 is divided by q(l).
3
Let l = -339 + -342. Let a = l + 701. What is the remainder when 119 is divided by a?
19
Suppose p = 8*p - 63. Let w be (2 + -3)*(p + 0). Let s(z) = -z**2 - 15*z - 47. What is the remainder when s(w) is divided by 6?
1
Suppose -5*o = -29 + 4. Suppose 2*v = 3*v + 5, o = i + 2*v. Let p = 17 - -56. What is the remainder when p is divided by i?
13
Let a = -8826 + 9097. What is the remainder when 3243 is divided by a?
262
Let t(m) = 53*m - 69. Let y(j) = 110*j - 137. Let q(a) = 9*t(a) - 4*y(a). What is the remainder when q(6) is divided by 31?
25
Let h = 29577 - 26669. Calculate the remainder when h is divided by 580.
8
Let k(x) = 29*x. Suppose -17*w + 300 = -12*w. Let f = w + -59. Calculate the remainder when k(f) is divided by 10.
9
Let n(p) = 2*p**3 - 75*p**2 + 82*p - 49. Let l(w) = w**3 - 39*w**2 + 41*w - 24. Let g(a) = -11*l(a) + 6*n(a). What is the remainder when 62 is divided by g(19)?
8
Suppose 10 = -16*h + 330. Let s = -7 + 7. Suppose s = v - 11*v + 370. Calculate the remainder when v is divided by h.
17
Let v(d) = -6 - 13 - 12*d + 7 + 383*d**2. Calculate the remainder when v(-1) is divided by 35.
33
What is the remainder when 186 is divided by (4 - 1) + 3 - (-4 - -28)*-2?
24
Let p be (-12 - 0)*(2 + (-7)/3). Suppose -4*g + 192 = -p*b, -2*g + g + 64 = 3*b. What is the remainder when 5*-41*(3 + -4) is divided by g?
49
Let u(l) = 40*l + 290. Let k be u(-7). Suppose k*v - 1411 = -451. What is the remainder when v is divided by 38?
20
Suppose -7*t = -3*t - 16. Suppose t*v - 54 = -l, -247 = -5*l + v + 2*v. Calculate the remainder when 111 is divided by l.
11
Suppose 8 = d - 18. Suppose -142*u + 155*u = 26. Suppose -u = 3*o - d. Calculate the remainder when 63 is divided by o.
7
Let d be 10/(-25) + 66/15. Suppose -x - x = -2*t - 22, d*x = -3*t + 51. What is the remainder when 87 is divided by 48 - (-8)/((-32)/x)?
42
Suppose 14*i + 9 = 17*i. Let h be -2 + 1/(1132/(-376) + i). Let t = -58 - h. What is the remainder when t is divided by 20?
18
What is the remainder when 272 is divided by 139/6 - (-7)/(-42)?
19
Suppose 50*i - 4*t = 48*i + 86, 4*t + 179 = 5*i. What is the remainder when 482 is divided by i?
17
Suppose 5*u - 71*f - 29 = -72*f, -5*u + 59 = -4*f. Suppose -5*h + 171 = -24. What is the remainder when h is divided by u?
4
Let o be 14 + 0 + -1 + 3. Suppose 9*v = o*v - 77. Calculate the remainder when (-36)/(-54) - v*2/(-3) is divided by 5.
3
Let t = 688 + -685. Suppose -p + 5*n + 9 = -0*p, 2*n - 61 = -t*p. What is the remainder when 31 is divided by p?
12
Let s(z) = -z**3 + 13*z**2 - 23*z + 15. Let n be s(11). What is the remainder when 14 is divided by n*2/20*10?
2
Suppose 4*z - z - 468 = 0. Let h = -10201 + 10250. What is the remainder when z is divided by h?
9
Suppose 7 - 19 = -3*a, -3*w - 2*a = -83. Suppose -85 = -12*j - w. Suppose -j = -29*d + 28*d. What is the remainder when 11 is divided by d?
1
Suppose b - 214 = 7. Let w = b - 191. Calculate the remainder when 147 is divided by w.
27
Let g be (-356)/6 - 28/(-21). Let t = -29 - g. Let c(p) = -78*p - 81. Calculate the remainder when c(-4) is divided by t.
28
Let o(a) = -a**2 + 19*a - 13. Suppose 0 = r + 3*q + 9 - 25, -2*q = -10. Let 